

{"id":454,"date":"2019-04-16T14:37:33","date_gmt":"2019-04-16T14:37:33","guid":{"rendered":"https:\/\/www.parqueempresarialventorrodelcano.com\/pevdc\/?page_id=454"},"modified":"2019-04-17T06:24:19","modified_gmt":"2019-04-17T06:24:19","slug":"contacto","status":"publish","type":"page","link":"https:\/\/www.parqueempresarialventorrodelcano.com\/pevdc\/contacto\/","title":{"rendered":"Contacto"},"content":{"rendered":"\n<div class=\"wpcf7 no-js\" id=\"wpcf7-f103-o1\" lang=\"es-ES\" dir=\"ltr\" data-wpcf7-id=\"103\">\n<div class=\"screen-reader-response\"><p role=\"status\" aria-live=\"polite\" aria-atomic=\"true\"><\/p> <ul><\/ul><\/div>\n<form action=\"\/pevdc\/wp-json\/wp\/v2\/pages\/454#wpcf7-f103-o1\" method=\"post\" class=\"wpcf7-form init\" aria-label=\"Formulario de contacto\" novalidate=\"novalidate\" data-status=\"init\">\n<fieldset class=\"hidden-fields-container\"><input type=\"hidden\" name=\"_wpcf7\" value=\"103\" \/><input type=\"hidden\" name=\"_wpcf7_version\" value=\"6.1.4\" \/><input type=\"hidden\" name=\"_wpcf7_locale\" value=\"es_ES\" \/><input type=\"hidden\" name=\"_wpcf7_unit_tag\" value=\"wpcf7-f103-o1\" \/><input type=\"hidden\" name=\"_wpcf7_container_post\" value=\"0\" \/><input type=\"hidden\" name=\"_wpcf7_posted_data_hash\" value=\"\" \/>\n<\/fieldset>\n<p>Direcci\u00f3n e-mail\n<\/p>\n<p><span class=\"wpcf7-form-control-wrap\" data-name=\"your-email\"><input size=\"40\" maxlength=\"400\" class=\"wpcf7-form-control wpcf7-email wpcf7-validates-as-required wpcf7-text wpcf7-validates-as-email\" aria-required=\"true\" aria-invalid=\"false\" value=\"\" type=\"email\" name=\"your-email\" \/><\/span>\n<\/p>\n<p>Mensaje\n<\/p>\n<p><span class=\"wpcf7-form-control-wrap\" data-name=\"your-message\"><textarea cols=\"40\" rows=\"10\" maxlength=\"2000\" class=\"wpcf7-form-control wpcf7-textarea\" aria-invalid=\"false\" name=\"your-message\"><\/textarea><\/span>\n<\/p>\n<p><br \/>\n<span><span class=\"wpcf7-form-control-wrap\" data-name=\"acceptance-279\"><span class=\"wpcf7-form-control wpcf7-acceptance\"><span class=\"wpcf7-list-item\"><input type=\"checkbox\" name=\"acceptance-279\" value=\"1\" aria-invalid=\"false\" \/><\/span><\/span><\/span> He le\u00eddo y acepto el <a target=\"_blank\" rel=\"nofollow noopener noreferrer\" href=\"https:\/\/www.parqueempresarialventorrodelcano.com\/pevdc\/?page_id=457\">Aviso Legal<\/a> y la <a target=\"_blank\" rel=\"nofollow noopener noreferrer\" href=\"https:\/\/www.parqueempresarialventorrodelcano.com\/pevdc\/?page_id=459\">Pol\u00edtica de Privacidad<\/a>.<\/span>\n<\/p>\n<p><span><span class=\"wpcf7-form-control-wrap\" data-name=\"acceptance-415\"><span class=\"wpcf7-form-control wpcf7-acceptance\"><span class=\"wpcf7-list-item\"><input type=\"checkbox\" name=\"acceptance-415\" value=\"1\" aria-invalid=\"false\" \/><\/span><\/span><\/span> Acepto recibir la informaci\u00f3n que la entidad considere oportuno enviarme por correo electr\u00f3nico o medio de comunicaci\u00f3n electr\u00f3nica equivalente. (Es posible darse de baja en cualquier momento).<\/span><br \/>\n<input class=\"wpcf7-form-control wpcf7-submit has-spinner\" type=\"submit\" value=\"Enviar\" \/>\n<\/p><div class=\"wpcf7-response-output\" aria-hidden=\"true\"><\/div>\n<\/form>\n<\/div>\n\n\n\n\n<hr class=\"wp-block-separator is-style-wide\"\/>\n\n\n\n\n\t\t\t\t<div id=\"map_ol3js_1\" class=\"map undefined\" data-map_name=\"undefined\" data-map=\"map_ol3js_1\" style=\"width:100%; max-width:100%; height:450px; display:block; overflow:hidden;border:2px solid grey;\" >\n\t\t\t\t  <div id=\"map_ol3js_1_popup\" class=\"ol-popup\" >\n\t\t\t\t\t<a href=\"#\" id=\"map_ol3js_1_popup-closer\" class=\"ol-popup-closer\"><\/a>\n\t\t\t\t\t<div id=\"map_ol3js_1_popup-content\" ><\/div>\n\t\t\t\t  <\/div>\n\t\t\t\t<\/div>\n\t\t\t\n\n\t\t\t\t<script type=\"text\/javascript\">\n\t\t\t\t\ttranslations['openlayer'] = \"open layer\";\n\t\t\t\t\ttranslations['openlayerAtStartup'] = \"open layer at startup\";\n\t\t\t\t\ttranslations['generateLink'] = \"link to this map with opened layers\";\n\t\t\t\t\ttranslations['shortDescription'] = \"short description\";\n\t\t\t\t\ttranslations['generatedShortCode'] = \"to get a text control link paste this code in your wordpress editor\";\n\t\t\t\t\ttranslations['closeLayer'] = \"close layer\";\n\t\t\t\t\ttranslations['cantGenerateLink'] = \"put this string in the existing map short code to control this map\";\n\t\t\t  <\/script>\n\n\n\t\t\t  <script type=\"text\/javascript\">\n\t\t\t  vectorM['map_ol3js_1'] = [];\n\t        \n        var raster = getTileLayer(\"osm\",\"NoKey\");\t\t\t\n\n\t\t\t  var map_ol3js_1 = new ol.Map({\n\t\t\t\tinteractions: ol.interaction.defaults.defaults({mouseWheelZoom:false}),\n\t\t\t\tlayers: [raster],\n\t\t\t\ttarget: \"map_ol3js_1\",\n\t\t\t\tview: new ol.View({\n\t\t\t\t  center: ol.proj.transform([-3.8390,40.3941], \"EPSG:4326\", \"EPSG:3857\"),\n\t\t\t\t  zoom: 15\n\t\t\t\t})\n\t\t\t  });\n\t\t\t  osm_addMarkerLayer(map_ol3js_1,-3.8368,40.3947,\"https:\/\/www.parqueempresarialventorrodelcano.com\/pevdc\/wp-content\/plugins\/osm\/icons\/mic_black_building_10.png\",-16,-41,\"<p>Parque Empresarial Ventorro del Cano<\/p>\") ; \naddControls2Map(map_ol3js_1,1,0,3,1,5,6,7,1,1);\nosm_addPopupClickhandler(map_ol3js_1,  \"map_ol3js_1\"); \nosm_addMouseHover(map_ol3js_1); <\/script>","protected":false},"excerpt":{"rendered":"","protected":false},"author":1,"featured_media":0,"parent":0,"menu_order":0,"comment_status":"closed","ping_status":"closed","template":"","meta":{"footnotes":""},"class_list":["post-454","page","type-page","status-publish","hentry"],"_links":{"self":[{"href":"https:\/\/www.parqueempresarialventorrodelcano.com\/pevdc\/wp-json\/wp\/v2\/pages\/454","targetHints":{"allow":["GET"]}}],"collection":[{"href":"https:\/\/www.parqueempresarialventorrodelcano.com\/pevdc\/wp-json\/wp\/v2\/pages"}],"about":[{"href":"https:\/\/www.parqueempresarialventorrodelcano.com\/pevdc\/wp-json\/wp\/v2\/types\/page"}],"author":[{"embeddable":true,"href":"https:\/\/www.parqueempresarialventorrodelcano.com\/pevdc\/wp-json\/wp\/v2\/users\/1"}],"replies":[{"embeddable":true,"href":"https:\/\/www.parqueempresarialventorrodelcano.com\/pevdc\/wp-json\/wp\/v2\/comments?post=454"}],"version-history":[{"count":4,"href":"https:\/\/www.parqueempresarialventorrodelcano.com\/pevdc\/wp-json\/wp\/v2\/pages\/454\/revisions"}],"predecessor-version":[{"id":494,"href":"https:\/\/www.parqueempresarialventorrodelcano.com\/pevdc\/wp-json\/wp\/v2\/pages\/454\/revisions\/494"}],"wp:attachment":[{"href":"https:\/\/www.parqueempresarialventorrodelcano.com\/pevdc\/wp-json\/wp\/v2\/media?parent=454"}],"curies":[{"name":"wp","href":"https:\/\/api.w.org\/{rel}","templated":true}]}}

<div class="wpcf7 no-js" id="wpcf7-f103-o1" lang="es-ES" dir="ltr" data-wpcf7-id="103">
<div class="screen-reader-response"><p role="status" aria-live="polite" aria-atomic="true"></p> <ul></ul></div>
<form action="/pevdc/wp-json/wp/v2/pages/454#wpcf7-f103-o1" method="post" class="wpcf7-form init" aria-label="Formulario de contacto" novalidate="novalidate" data-status="init">
<fieldset class="hidden-fields-container"><input type="hidden" name="_wpcf7" value="103" /><input type="hidden" name="_wpcf7_version" value="6.1.4" /><input type="hidden" name="_wpcf7_locale" value="es_ES" /><input type="hidden" name="_wpcf7_unit_tag" value="wpcf7-f103-o1" /><input type="hidden" name="_wpcf7_container_post" value="0" /><input type="hidden" name="_wpcf7_posted_data_hash" value="" />
</fieldset>
<p>Dirección e-mail
</p>
<p><span class="wpcf7-form-control-wrap" data-name="your-email"><input size="40" maxlength="400" class="wpcf7-form-control wpcf7-email wpcf7-validates-as-required wpcf7-text wpcf7-validates-as-email" aria-required="true" aria-invalid="false" value="" type="email" name="your-email" /></span>
</p>
<p>Mensaje
</p>
<p><span class="wpcf7-form-control-wrap" data-name="your-message"><textarea cols="40" rows="10" maxlength="2000" class="wpcf7-form-control wpcf7-textarea" aria-invalid="false" name="your-message"></textarea></span>
</p>
<p><br />
<span><span class="wpcf7-form-control-wrap" data-name="acceptance-279"><span class="wpcf7-form-control wpcf7-acceptance"><span class="wpcf7-list-item"><input type="checkbox" name="acceptance-279" value="1" aria-invalid="false" /></span></span></span> He leído y acepto el <a target="_blank" rel="nofollow noopener noreferrer" href="https://www.parqueempresarialventorrodelcano.com/pevdc/?page_id=457">Aviso Legal</a> y la <a target="_blank" rel="nofollow noopener noreferrer" href="https://www.parqueempresarialventorrodelcano.com/pevdc/?page_id=459">Política de Privacidad</a>.</span>
</p>
<p><span><span class="wpcf7-form-control-wrap" data-name="acceptance-415"><span class="wpcf7-form-control wpcf7-acceptance"><span class="wpcf7-list-item"><input type="checkbox" name="acceptance-415" value="1" aria-invalid="false" /></span></span></span> Acepto recibir la información que la entidad considere oportuno enviarme por correo electrónico o medio de comunicación electrónica equivalente. (Es posible darse de baja en cualquier momento).</span><br />
<input class="wpcf7-form-control wpcf7-submit has-spinner" type="submit" value="Enviar" />
</p><div class="wpcf7-response-output" aria-hidden="true"></div>
</form>
</div>




<hr class="wp-block-separator is-style-wide"/>




				<div id="map_ol3js_1" class="map undefined" data-map_name="undefined" data-map="map_ol3js_1" style="width:100%; max-width:100%; height:450px; display:block; overflow:hidden;border:2px solid grey;" >
				  <div id="map_ol3js_1_popup" class="ol-popup" >
					<a href="#" id="map_ol3js_1_popup-closer" class="ol-popup-closer"></a>
					<div id="map_ol3js_1_popup-content" ></div>
				  </div>
				</div>
			

				<script type="text/javascript">
					translations['openlayer'] = "open layer";
					translations['openlayerAtStartup'] = "open layer at startup";
					translations['generateLink'] = "link to this map with opened layers";
					translations['shortDescription'] = "short description";
					translations['generatedShortCode'] = "to get a text control link paste this code in your wordpress editor";
					translations['closeLayer'] = "close layer";
					translations['cantGenerateLink'] = "put this string in the existing map short code to control this map";
			  </script>


			  <script type="text/javascript">
			  vectorM['map_ol3js_1'] = [];
	        
        var raster = getTileLayer("osm","NoKey");			

			  var map_ol3js_1 = new ol.Map({
				interactions: ol.interaction.defaults.defaults({mouseWheelZoom:false}),
				layers: [raster],
				target: "map_ol3js_1",
				view: new ol.View({
				  center: ol.proj.transform([-3.8390,40.3941], "EPSG:4326", "EPSG:3857"),
				  zoom: 15
				})
			  });
			  osm_addMarkerLayer(map_ol3js_1,-3.8368,40.3947,"https://www.parqueempresarialventorrodelcano.com/pevdc/wp-content/plugins/osm/icons/mic_black_building_10.png",-16,-41,"<p>Parque Empresarial Ventorro del Cano</p>") ; 
addControls2Map(map_ol3js_1,1,0,3,1,5,6,7,1,1);
osm_addPopupClickhandler(map_ol3js_1,  "map_ol3js_1"); 
osm_addMouseHover(map_ol3js_1); </script>
